ulate the remainder when 201 is divided by 55.
36
Calculate the remainder when 35 is divided by 17.
1
What is the remainder when 47 is divided by 25?
22
Calculate the remainder when 389 is divided by 103.
80
What is the remainder when 124 is divided by 15?
4
Calculate the remainder when 23 is divided by 18.
5
What is the remainder when 23 is divided by 4?
3
What is the remainder when 654 is divided by 41?
39
Calculate the remainder when 364 is divided by 342.
22
What is the remainder when 29 is divided by 12?
5
Calculate the remainder when 539 is divided by 15.
14
Calculate the remainder when 135 is divided by 30.
15
What is the remainder when 338 is divided by 57?
53
Calculate the remainder when 145 is divided by 19.
12
Calculate the remainder when 104 is divided by 4.
0
Calculate the remainder when 722 is divided by 22.
18
Calculate the remainder when 80 is divided by 78.
2
Calculate the remainder when 2981 is divided by 19.
17
What is the remainder when 2040 is divided by 256?
248
What is the remainder when 244 is divided by 8?
4
Calculate the remainder when 593 is divided by 69.
41
Calculate the remainder when 122 is divided by 56.
10
What is the remainder when 3419 is divided by 20?
19
What is the remainder when 431 is divided by 206?
19
What is the remainder when 2816 is divided by 91?
86
What is the remainder when 577 is divided by 17?
16
What is the remainder when 504 is divided by 39?
36
Calculate the remainder when 76497 is divided by 225.
222
Calculate the remainder when 504 is divided by 119.
28
Calculate the remainder when 548 is divided by 141.
125
What is the remainder when 3089 is divided by 15?
14
What is the remainder when 453 is divided by 160?
133
Calculate the remainder when 171 is divided by 25.
21
Calculate the remainder when 2297 is divided by 19.
17
What is the remainder when 699 is divided by 28?
27
Calculate the remainder when 993 is divided by 7.
6
What is the remainder when 27 is divided by 9?
0
What is the remainder when 1099 is divided by 25?
24
Calculate the remainder when 479 is divided by 71.
53
What is the remainder when 307 is divided by 103?
101
What is the remainder when 12867 is divided by 198?
195
Calculate the remainder when 215 is divided by 117.
98
Calculate the remainder when 797 is divided by 259.
20
Calculate the remainder when 293 is divided by 185.
108
Calculate the remainder when 18141 is divided by 21.
18
Calculate the remainder when 8431 is divided by 248.
247
Calculate the remainder when 173 is divided by 38.
21
What is the remainder when 3945 is divided by 4?
1
What is the remainder when 1991 is divided by 15?
11
Calculate the remainder when 3838 is divided by 24.
22
What is the remainder when 183 is divided by 165?
18
Calculate the remainder when 1554 is divided by 4.
2
Calculate the remainder when 11626 is divided by 12.
10
What is the remainder when 446 is divided by 129?
59
What is the remainder when 738 is divided by 147?
3
What is the remainder when 281 is divided by 24?
17
What is the remainder when 197 is divided by 34?
27
What is the remainder when 7958 is divided by 30?
8
What is the remainder when 31 is divided by 17?
14
What is the remainder when 465 is divided by 73?
27
What is the remainder when 1085 is divided by 122?
109
Calculate the remainder when 1155 is divided by 6.
3
Calculate the remainder when 132 is divided by 92.
40
What is the remainder when 119 is divided by 62?
57
Calculate the remainder when 11 is divided by 6.
5
Calculate the remainder when 130 is divided by 27.
22
What is the remainder when 939 is divided by 121?
92
Calculate the remainder when 274 is divided by 71.
61
What is the remainder when 68 is divided by 3?
2
What is the remainder when 118 is divided by 16?
6
Calculate the remainder when 81 is divided by 21.
18
What is the remainder when 335 is divided by 48?
47
What is the remainder when 423 is divided by 6?
3
Calculate the remainder when 916 is divided by 103.
92
What is the remainder when 8641 is divided by 95?
91
What is the remainder when 5029 is divided by 10?
9
What is the remainder when 1316 is divided by 88?
84
What is the remainder when 711 is divided by 102?
99
Calculate the remainder when 2941 is divided by 50.
41
What is the remainder when 2028 is divided by 10?
8
What is the remainder when 90 is divided by 18?
0
What is the remainder when 29 is divided by 16?
13
Calculate the remainder when 1270 is divided by 127.
0
What is the remainder when 1078 is divided by 443?
192
Calculate the remainder when 278 is divided by 59.
42
What is the remainder when 79 is divided by 21?
16
Calculate the remainder when 891 is divided by 49.
9
Calculate the remainder when 5096 is divided by 50.
46
Calculate the remainder when 107 is divided by 34.
5
What is the remainder when 161 is divided by 32?
1
What is the remainder when 150 is divided by 146?
4
Calculate the remainder when 271 is divided by 13.
11
Calculate the remainder when 1952 is divided by 221.
184
What is the remainder when 1446 is divided by 208?
198
Calculate the remainder when 4046 is divided by 27.
23
Calculate the remainder when 700 is divided by 27.
25
Calculate the remainder when 37 is divided by 16.
5
What is the remainder when 504 is divided by 50?
4
What is the remainder when 507 is divided by 135?
102
What is the remainder when 1149 is divided by 283?
17
Calculate the remainder when 104 is divided by 47.
10
Calculate the remainder when 145 is divided by 63.
19
Calculate the remainder when 274 is divided by 56.
50
Calculate the remainder when 720 is divided by 120.
0
Calculate the remainder when 907 is divided by 65.
62
What is the remainder when 334 is divided by 162?
10
Calculate the remainder when 114 is divided by 13.
10
Calculate the remainder when 1199 is divided by 20.
19
What is the remainder when 1809 is divided by 10?
9
Calculate the remainder when 3402 is divided by 676.
22
What is the remainder when 1186 is divided by 18?
16
What is the remainder when 2525 is divided by 19?
17
What is the remainder when 677 is divided by 189?
110
Calculate the remainder when 1905 is divided by 390.
345
Calculate the remainder when 2 is divided by 1.
0
Calculate the remainder when 983 is divided by 12.
11
What is the remainder when 295 is divided by 19?
10
What is the remainder when 175 is divided by 46?
37
Calculate the remainder when 1153 is divided by 165.
163
What is the remainder when 472 is divided by 48?
40
Calculate the remainder when 379 is divided by 69.
34
Calculate the remainder when 120 is divided by 11.
10
Calculate the remainder when 167 is divided by 16.
7
Calculate the remainder when 103 is divided by 13.
12
What is the remainder when 333 is divided by 62?
23
Calculate the remainder when 10811 is divided by 68.
67
What is the remainder when 204 is divided by 100?
4
What is the remainder when 1344 is divided by 666?
12
What is the remainder when 5710 is divided by 21?
19
What is the remainder when 933 is divided by 17?
15
What is the remainder when 1510 is divided by 63?
61
What is the remainder when 3182 is divided by 29?
21
Calculate the remainder when 4 is divided by 2.
0
Calculate the remainder when 67 is divided by 12.
7
Calculate the remainder when 126 is divided by 38.
12
What is the remainder when 501 is divided by 11?
6
What is the remainder when 655 is divided by 639?
16
Calculate the remainder when 400 is divided by 143.
114
What is the remainder when 209 is divided by 24?
17
What is the remainder when 32144 is divided by 17?
14
Calculate the remainder when 90 is divided by 50.
40
Calculate the remainder when 32 is divided by 3.
2
What is the remainder when 781 is divided by 258?
7
Calculate the remainder when 6926 is divided by 165.
161
Calculate the remainder when 154 is divided by 31.
30
Calculate the remainder when 701 is divided by 321.
59
What is the remainder when 263 is divided by 3?
2
What is the remainder when 904 is divided by 151?
149
What is the remainder when 277 is divided by 73?
58
Calculate the remainder when 2947 is divided by 736.
3
Calculate the remainder when 177 is divided by 13.
8
What is the remainder when 5623 is divided by 152?
151
Calculate the remainder when 1126 is divided by 187.
4
What is the remainder when 2386 is divided by 119